{"id":116,"date":"2023-08-22T16:44:49","date_gmt":"2023-08-22T16:44:49","guid":{"rendered":"http:\/\/www.kravmagafire.com\/?page_id=116"},"modified":"2023-08-22T16:44:50","modified_gmt":"2023-08-22T16:44:50","slug":"warum-ikmf-wahlen","status":"publish","type":"page","link":"http:\/\/www.kravmagafire.com\/index.php\/de\/warum-ikmf-wahlen\/","title":{"rendered":"Warum IKMF w\u00e4hlen?"},"content":{"rendered":"<div id=\"pl-116\"  class=\"panel-layout\" ><div id=\"pg-116-0\"  class=\"panel-grid panel-no-style\" ><div id=\"pgc-116-0-0\"  class=\"panel-grid-cell\" ><div id=\"panel-116-0-0-0\" class=\"so-panel widget widget_sow-editor panel-first-child panel-last-child\" data-index=\"0\" ><div\n\t\t\t\n\t\t\tclass=\"so-widget-sow-editor so-widget-sow-editor-base\"\n\t\t\t\n\t\t>\n<div class=\"siteorigin-widget-tinymce textwidget\">\n\t<p><strong><span class=\"HwtZe\" lang=\"de\"><span class=\"jCAhz ChMk0b\"><span class=\"ryNqvb\">Warum sollten Sie sich f\u00fcr das Lernen beim IKMF entscheiden?<\/span><\/span><\/span><\/strong><\/p>\n<p><strong><span class=\"HwtZe\" lang=\"de\"><span class=\"jCAhz ChMk0b\"><span class=\"ryNqvb\">Wir sind v\u00f6llig offen \u00fcber unsere Abstammung.<\/span><\/span><\/span><\/strong><\/p>\n<p>Die IKMF wurde 1996 mit Zustimmung von Imi Lichtenfeld, dem Sch\u00f6pfer und Gr\u00fcnder von Krav Maga, gegr\u00fcndet, der den Lehrplan und die R\u00e4nge aller Mitglieder genehmigte. Alle IKMF Trainer werden (normalerweise nach vielen Jahren als Student) nach einem anstrengenden 180+-Schulungskurs zertifiziert, der von Mitgliedern des Israel <a href=\"http:\/\/www.kravmaga-ikmf.com\/ikmf\/git\">Global Instructor-Expertenteams<\/a> unter der Leitung unseres Vorsitzenden Avi Moyal (der 1985 sein Expertenniveau von Imi selbst erhielt) durchgef\u00fchrt wurde ). Alle IKMF-Ausbilder m\u00fcssen au\u00dferdem eine obligatorische halbj\u00e4hrliche Schulung bei den israelischen G.I.T-Experten absolvieren, um die globalen Standards aufrechtzuerhalten.<\/p>\n<p>Es gibt keine Regeln oder Vorschriften dar\u00fcber, wer sich Krav Maga-Trainer nennen darf oder was Krav Maga \u00fcberhaupt ist. Krav Maga bedeutet auf Hebr\u00e4isch einfach \u201eKontaktkampf\u201c (oder Nahkampf) und als solches haben auch andere Systeme, die nichts mit Imis Verm\u00e4chtnis zu tun haben, den Namen \u201egeliehen\u201c, wobei Dinge von israelischem Karate bis hin zu selbst erstellten Systemen reichen, die ebenfalls den Begriff Krav Maga verwenden. Der einzig sichere Weg, dies herauszufinden, besteht darin, den Hintergrund des Ausbilders und seine Verbindungen zu den Lehren von Imi Lichtenfield, dem Gr\u00fcnder und Sch\u00f6pfer von Krav Maga, zu untersuchen. Leider haben einige Lehrer kaum oder gar keine Verbindung zu irgendeiner Art von echtem Krav Maga und verwenden einfach den Namen Krav Maga, um ihr System oder ihre in den allgemeinen Kampfk\u00fcnsten gesammelten F\u00e4higkeiten zu vermarkten (ihr System k\u00f6nnte gro\u00dfartig sein, ich wei\u00df es nicht, aber es ist sicherlich kein kampferprobtes Krav Maga!).<\/p>\n<p><strong><span class=\"HwtZe\" lang=\"de\"><span class=\"jCAhz ChMk0b\"><span class=\"ryNqvb\">Die IKMF bildet die Besten der Welt aus<\/span><\/span><\/span><\/strong><\/p>\n<p>Die IKMF bildet Hunderte der besten israelischen und globalen Spezialeinheiten und Polizeieinheiten aus. <a href=\"https:\/\/www.youtube.com\/watch?v=Xqsou48BLgM\">Hier ist zum Beispiel die IKMF, die die franz\u00f6sische Fremdenlegion<\/a> ausbildet. Neben der Bereitstellung international anerkannter ziviler Selbstverteidigungsschulungen (<a href=\"https:\/\/www.youtube.com\/watch?v=Xqsou48BLgM\">hier<\/a> gezeigt von IKMF Frankfurt im deutschen Fernsehen) und Spezialkursen f\u00fcr Frauen wie \u201eStay Away\u201c-Selbstverteidigungsseminaren f\u00fcr Frauen (<a href=\"https:\/\/www.youtube.com\/watch?v=rn-MskuuxaI\">hier<\/a> gezeigt in Argentinien)<\/p>\n<div class=\"lRu31\"><strong><span class=\"HwtZe\" lang=\"de\"><span class=\"jCAhz ChMk0b\"><span class=\"ryNqvb\">Wir sind eine wirklich internationale Organisation. Wenn Sie umziehen, k\u00f6nnen Sie die IKMF mitnehmen.<\/span><\/span><\/span><\/strong><\/div>\n<div class=\"UdTY9 WdefRb\" aria-hidden=\"true\" data-location=\"2\">\n<div class=\"kO6q6e\"><\/div>\n<\/div>\n<p>Krav Maga Fire ist Wiens einzige International Krav Maga Federation Schule. Die IKMF hat derzeit Trainer in 80 L\u00e4ndern und als gr\u00f6\u00dfte Krav Maga-Organisation der Welt expandieren wir schnell. Wenn Sie umziehen, reisen oder einfach nur im Urlaub trainieren m\u00f6chten, gibt es wahrscheinlich einen IKMF-Club, der Sie willkommen hei\u00dft. Wir haben zum Beispiel 39 verschiedene Schulen in Deutschland. Alle Studententests werden nach denselben internationalen Standards durchgef\u00fchrt (vom G.I.T-Team). Wenn Sie also ins Ausland umziehen, sind Ihre Tests und Zertifikate ebenfalls gleicherma\u00dfen g\u00fcltig. Wir sind wirklich global und haben Schulen in einigen der entlegensten Teile der Welt, von der Mongolei bis Feuerland in Argentinien.<\/p>\n<p><span class=\"HwtZe\" lang=\"de\"><span class=\"jCAhz ChMk0b\"><span class=\"ryNqvb\">Der Spiegel TV war 2016 in unserer Berliner Niederlassung und besuchte auch unsere Zentrale in Israel<\/span><\/span><\/span> (<a href=\"https:\/\/www.youtube.com\/watch?v=nlHII2s5GJo\">Hier<\/a>)<\/p>\n<\/div>\n<\/div><\/div><\/div><\/div><\/div>","protected":false},"excerpt":{"rendered":"<p>Warum sollten Sie sich f\u00fcr das Lernen beim IKMF entscheiden? Wir sind v\u00f6llig offen \u00fcber unsere Abstammung. Die IKMF wurde 1996 mit Zustimmung von Imi Lichtenfeld, dem Sch\u00f6pfer und Gr\u00fcnder von Krav Maga, gegr\u00fcndet, der den Lehrplan und die R\u00e4nge aller Mitglieder genehmigte. Alle IKMF Trainer werden (normalerweise nach vielen Jahren als Student) nach einem [&hellip;]<\/p>\n","protected":false},"author":1,"featured_media":0,"parent":0,"menu_order":0,"comment_status":"closed","ping_status":"closed","template":"","meta":{"footnotes":""},"_links":{"self":[{"href":"http:\/\/www.kravmagafire.com\/index.php\/wp-json\/wp\/v2\/pages\/116"}],"collection":[{"href":"http:\/\/www.kravmagafire.com\/index.php\/wp-json\/wp\/v2\/pages"}],"about":[{"href":"http:\/\/www.kravmagafire.com\/index.php\/wp-json\/wp\/v2\/types\/page"}],"author":[{"embeddable":true,"href":"http:\/\/www.kravmagafire.com\/index.php\/wp-json\/wp\/v2\/users\/1"}],"replies":[{"embeddable":true,"href":"http:\/\/www.kravmagafire.com\/index.php\/wp-json\/wp\/v2\/comments?post=116"}],"version-history":[{"count":1,"href":"http:\/\/www.kravmagafire.com\/index.php\/wp-json\/wp\/v2\/pages\/116\/revisions"}],"predecessor-version":[{"id":118,"href":"http:\/\/www.kravmagafire.com\/index.php\/wp-json\/wp\/v2\/pages\/116\/revisions\/118"}],"wp:attachment":[{"href":"http:\/\/www.kravmagafire.com\/index.php\/wp-json\/wp\/v2\/media?parent=116"}],"curies":[{"name":"wp","href":"https:\/\/api.w.org\/{rel}","templated":true}]}}